 - 5*l - 114 = -85*p. Calculate the greatest common factor of 104 and p.
26
Let v(i) = 34*i + 978. Let h be v(-28). What is the greatest common factor of h and 96?
2
Let k(r) = 445*r**3 - 5*r**2 + 8*r + 4. Let x be k(2). Calculate the highest common factor of x and 200.
40
Let p(x) = x**3 + 6*x**2 - 6*x - 2. Let j be p(-6). Suppose 224 = 38*i - j*i. Calculate the highest common factor of i and 8.
8
Let m = 953 + -963. Let k(o) = o**2 + 41*o + 312. Let x be k(m). Let t be 0 - (24/(-1) + 2). What is the highest common factor of x and t?
2
Suppose -114*t + 239 = l - 115*t, -t = -5*l + 1167. Calculate the highest common divisor of l and 14500.
116
Suppose 155*a + 36562 = 89755 + 66157. Calculate the highest common divisor of a and 350.
70
Let q(j) = -4*j**3 + 143*j**2 + 2*j + 1244. Let m be q(36). Let f(g) = 91*g**2 + 1. Let l be f(3). What is the highest common divisor of m and l?
20
Suppose -18*u - 234 = -79 - 1901. What is the greatest common factor of 3977 and u?
97
Suppose 8384 = -3*u + 4*b, 5*u = 3*u + 3*b - 5589. Let p be u/(-30) + (-1)/5. Calculate the highest common divisor of p and 341.
31
Let g be ((-128)/(-16) - 88/(-2 - -1)) + 8. Let o = -25 - -49. What is the greatest common divisor of o and g?
8
Let s(v) = 353*v**2 + 2. Let i be s(2). Let b = i - 538. What is the highest common factor of b and 12?
12
Let c be 416 - -3 - (-137 - -151). What is the greatest common factor of 10 and c?
5
Let z = -240 + 273. Suppose 2*h - 153 = u, 0 = 2*h + u - 6*u - 149. What is the greatest common divisor of h and z?
11
Let c(q) = -126*q + 10344. Let y be c(80). Calculate the greatest common divisor of y and 15224.
88
Let w(y) = 81*y**2 + 14*y + 13. Let a be w(5). Calculate the highest common factor of 170 and a.
34
Let x be (-1 + 0)/((-10)/(-200)*-5). Suppose 190 = 5*z - 2*t - 3*t, -2*t = x*z - 122. Calculate the highest common factor of 264 and z.
33
Suppose 90 = 37*p - 22*p. What is the highest common divisor of 7 and p?
1
Suppose 3*d - 9 = 4*r, 2*d = 6*r - 2*r + 6. Suppose -5 = -10*y + 5*y. What is the highest common divisor of d and y?
1
Let q be -4*60/(-25) + (-3)/5. Let a be ((-9)/(-5))/(54/720). Calculate the greatest common divisor of a and q.
3
Suppose -266*r + 319*r = -452*r + 301485. What is the greatest common divisor of 6169 and r?
199
Let n(p) = p**2 + 21*p + 90. Let v be n(-4). What is the greatest common divisor of 1958 and v?
22
Let g(z) = -12*z - 15. Let m be g(-8). Let v = -76 + m. Suppose -v*i = -5*y + 185, 4*i = 7*y - 2*y - 183. What is the highest common divisor of 14 and y?
7
Let t be (-78)/351 + (680/9)/(-2). Let r be (-8 - t)*(-16)/(-6). What is the highest common factor of 720 and r?
80
Suppose -4*o = -5*s - 108485, -4*o - 11*s = -9*s - 108422. What is the greatest common factor of o and 20?
10
Let r = -85 + 220. Suppose -65*f = -60*f - r. Calculate the greatest common divisor of 63 and f.
9
Let d(q) = -2*q**2 + 9*q - 12. Let a be d(6). Let s = 34 + a. Suppose -s*t - 11 = -c + 16, 2*c + 3*t - 43 = 0. What is the highest common factor of c and 161?
23
Let k = 8 + -10. Let g be (-15)/k*(-20)/(-15). Suppose -68 = -g*p + 6*p. Calculate the highest common factor of p and 170.
17
Suppose 0 = -2206*g + 2131*g + 7200. Let x(n) = n**2 - 7*n + 8. Let f be x(6). Calculate the greatest common factor of f and g.
2
Let x be (-2)/(-6) + (-2792)/48*-4. Suppose 2*i = o + 122, -4*i - 1 + x = -5*o. Calculate the highest common divisor of i and 105.
21
Let j(r) = -3*r + 5. Suppose 11 = 5*v - 4. Let b(u) = u**2 + 3*u - 6. Let q(z) = v*b(z) + 4*j(z). Let l be q(1). What is the highest common factor of 8 and l?
2
Suppose 0 = -5*b, 5*w = -0*w - b + 55. Suppose -h + p + w = -12, 5*p + 25 = 0. Calculate the greatest common factor of h and 306.
18
Suppose -i = -5*n + 4814, 8*n - 14*i + 17*i - 7730 = 0. What is the highest common divisor of n and 8?
4
Let y be 64/4*2/8. Suppose 5*g - 2*m = y*g + 18, m + 33 = 2*g. What is the greatest common factor of 16 and g?
16
Suppose 85*a = -137*a + 1110. Calculate the highest common factor of 83 and a.
1
Let v be ((-15)/9*-1)/(13/39). Suppose 2*k = v*p - 278 - 390, -2*k + 256 = 2*p. What is the highest common divisor of p and 12?
12
Let k be 4/(-3 + 1 + 3). Suppose -k = 4*d - 16. Let u = -187 + 188. Calculate the greatest common factor of d and u.
1
Let w(d) = 2*d**2 + 17*d + 14. Let i be w(-8). Let f be ((-28)/(-12))/(-1)*-31*i. What is the highest common factor of 14 and f?
14
Let i be ((-64)/3)/1 + 6/(-9). Let a = -20 - i. Let d be a + -2 + 3 - 0. What is the highest common divisor of 9 and d?
3
Let h(y) = y**3 + y**2 - y + 8. Let t be h(3). Let a be 9/3*2*23. Let l = a - 56. What is the highest common divisor of l and t?
41
Let j(n) = 17*n**2 + 180*n + 1294. Let g be j(-7). What is the highest common divisor of 3 and g?
3
Suppose 50*z - 51*z + 41 = 0. Suppose -4*u - q = -z, -5*u - 5 = -4*q - 30. Calculate the greatest common divisor of u and 18.
9
Let x(r) = r**3 - 11*r**2 + r + 9. Let k be x(12). Suppose 0*u - 3*u - k = 0. Let n = u + 83. What is the greatest common divisor of 84 and n?
28
Suppose 0 = -3*q - 9, 2*q + 1308 = -3*p + 7*q. Let d = p + 498. What is the highest common factor of 513 and d?
57
Let x(c) = 3*c - 1. Let f be x(-1). Let s be ((-414)/(-15))/((-82)/(-20) + f). Suppose 0 = -0*u - 3*u + s. Calculate the greatest common factor of u and 23.
23
Let o = -6614 + 6658. Calculate the greatest common divisor of o and 1067.
11
Let o(k) = 2*k**3 + 14*k**2 + 6*k - 10. Let v be o(-6). Suppose v*m - 76*m = -20300. What is the highest common divisor of m and 14?
14
Let x(n) = 4*n + 15. Suppose -118 = -7*u + 8. Let j be x(u). What is the greatest common divisor of 15 and j?
3
Suppose 4*d - 370 = 2*f, -3*d + 6*d + 2*f = 295. Let z = d - 41. What is the greatest common divisor of 12 and z?
6
Suppose -3*g + 1540 = 2*g. Suppose -p = 4, -356 = -12*n + 10*n + p. Suppose 0 = -8*m + 4*m + n. What is the highest common factor of m and g?
44
Let u(s) = 2*s**2 + 47*s + 124. Let x be u(-49). What is the greatest common divisor of x and 122?
61
Let d = 20335 - 20150. What is the highest common divisor of d and 4699?
37
Suppose -3*p + 17908 = 58*p + 13*p. Calculate the highest common factor of 319 and p.
11
Let d be 496/28 - 2/(-7). Let m = -13 + d. Suppose 97 = m*o + 27. Calculate the greatest common divisor of o and 35.
7
Suppose 84 = -5*h - 8*g, -h + 96*g - 100*g = 48. Suppose 4*l - 2 - 22 = 0. Calculate the highest common factor of h and l.
2
Let b(d) = 13*d**2 + 17*d + 30. Let z(h) = -27*h**2 - 34*h - 60. Let k(w) = 5*b(w) + 2*z(w). Let t be k(-3). Calculate the highest common factor of 42 and t.
6
Let m be 324*15 + 1 + -243 + 254. Calculate the highest common factor of m and 24.
24
Let l = -131 - -735. Suppose -346 - l = -10*k. Calculate the highest common divisor of 38 and k.
19
Let k be 2806/(-10) - (-46)/(-115). Let o = k - -321. Calculate the greatest common divisor of 130 and o.
10
Let a = 33148 + -33122. Calculate the highest common factor of a and 1326.
26
Let x be (87/(-58))/(2/20). Let k(p) = p**3 - 14*p**2 + 6*p + 3. Let l be k(14). Let c = x + l. Calculate the highest common divisor of 48 and c.
24
Let l(a) = 100*a - 4. Let j be l(4). Suppose 10*s - s = j. Calculate the highest common divisor of s and 77.
11
Suppose -7*x = -11*x + 132. Let y be (220 + -187)/(1/32 + 0). Calculate the greatest common divisor of x and y.
33
Let j(l) be the second derivative of l**4/12 - 25*l**3/6 - 29*l**2 - 3*l. Let d be j(30). Calculate the greatest common divisor of 4 and d.
4
Suppose 4*c - 3 + 3 = 0. Suppose c = -0*q - 2*q + 14. Suppose 2*b = 4*w - 70, -2*w = 5*b - q - 46. Calculate the greatest common divisor of w and 209.
19
Suppose 2*o - 188 = -4*i, 0 = 5*i + 465*o - 468*o - 202. Calculate the greatest common factor of 5324 and i.
44
Suppose 0 = 6*t + 3*t + t. Let a be t/(-4*4/8) + 14. Let m be a/(2 - 0) + (2 - 5). Calculate the highest common divisor of 20 and m.
4
Let z be ((-30)/(-8) + 1 + -5)*-148. Suppose 4*n = -38 + 462. Let d = n + z. What is the highest common factor of d and 13?
13
Suppose 239 = -50*r + 51*r. Suppose 4*b + 236 = a - 0*a, r = a - 3*b. Let j = 417 - a. What is the highest common divisor of j and 13?
13
Let d be 6/(-10) - (-586)/10. Let c(m) = 8*m - 14. Let j be c(4). Suppose -n = 2*z - 29